te the greatest common factor of u and h.
10
Let u(t) = -t**2 - 13*t - 14. Let z be u(-11). Let h be z*((-15)/(-6) + -2). Suppose 21 + 27 = h*x. What is the highest common factor of 6 and x?
6
Let x(m) = m**2 + 7*m + 4. Let s be x(-9). Calculate the greatest common divisor of 33 and s.
11
Let k be 153/2*(-20)/(-15). Suppose 4*o - 5*o + k = 0. Suppose -18 = -5*u + o. What is the highest common factor of u and 6?
6
Let g = 240 + -70. Calculate the highest common divisor of g and 68.
34
Let a = -6 - -8. Suppose -a*m + 120 = -m. Calculate the greatest common divisor of m and 12.
12
Let m(z) = 5*z - 5. Let n be m(4). Calculate the highest common factor of n and 120.
15
Let h = -63 + 135. Let o(p) = -3*p - 9. Let u be o(-6). What is the greatest common divisor of h and u?
9
Let p(c) = -c**3 - c**2 + 5. Let d(s) = s**2 + 2*s + 1. Let x be d(-1). Let t be p(x). What is the greatest common divisor of 1 and t?
1
Let j be (68 - (0 + -2)) + 0. Calculate the highest common factor of j and 10.
10
Suppose 2*i - 1 = -n + 34, 2*n - 5*i - 25 = 0. Let q be ((-168)/(-10))/(5/n). What is the highest common divisor of q and 12?
12
Suppose -5*n + 37 = -63. Calculate the highest common factor of n and 40.
20
Let g be 1/(-1) + (8 - 2). Let t = 9 - g. Suppose -2*i = -t*i + 32. Calculate the greatest common divisor of i and 24.
8
Let t(l) = 12*l + 3. Let z = -6 + 9. Let u be t(z). Calculate the highest common divisor of u and 26.
13
Let w(b) = 2*b**2 + 2*b - 24. Let c be w(8). Calculate the greatest common factor of 24 and c.
24
Suppose 0 = -w + 3*w - 3*y - 37, 40 = 2*w - 4*y. Calculate the highest common factor of w and 2.
2
Suppose -3*j + 2*j + 168 = 0. Calculate the highest common divisor of 21 and j.
21
Let r(h) be the third derivative of h**6/60 + h**5/20 - h**4/8 + 2*h**2. Let i be r(2). What is the highest common factor of i and 44?
22
Suppose -n + 4*h = -58, -2*h = h + 6. Calculate the highest common divisor of n and 20.
10
Let m(v) = -3*v + 1. Let g be m(-7). Calculate the highest common factor of 2 and g.
2
Let y(j) be the third derivative of -j**4/12 + j**3/3 + j**2. Suppose -7 = i - 3. Let x be y(i). Calculate the highest common divisor of 30 and x.
10
Suppose -176 = -4*v - 0. Let i be 1/(2/2) + 10. Calculate the greatest common divisor of v and i.
11
Let n be -2*-2*1/2. Suppose n*h = -h - 3. Let w be (-2)/h - (0 - -1). What is the highest common factor of 8 and w?
1
Suppose -j + 103 = -5*p + 276, -j - 103 = -3*p. Calculate the greatest common factor of 5 and p.
5
Let q be (1 - 5)*(-5)/(-4). Let j = q - 0. Let k be 28/j*(-4 + -1). What is the highest common factor of 70 and k?
14
Let l(d) = d**2 - 4. Suppose 0*s = -s + 5. Let j be l(s). What is the greatest common divisor of 7 and j?
7
Suppose -p + 4 = 2*x - 9, 5*p - 79 = 4*x. What is the greatest common factor of p and 165?
15
Let l = 3 + -23. Let m = -10 - l. Calculate the highest common factor of m and 70.
10
Suppose 3*a - 4*t - 196 = 0, -a + 4*t + 10 + 66 = 0. Calculate the greatest common factor of a and 40.
20
Let t(u) = u**3 - u**2 + u + 1. Let w be (3 + -3)/(2/(-2)). Let h be t(w). Suppose 5*l - h = 64. What is the greatest common divisor of l and 13?
13
Let g(w) be the third derivative of -w**6/120 + w**5/12 - w**4/8 + 3*w**2. Let f be g(4). What is the highest common divisor of 8 and f?
4
Let i = 162 - 132. What is the greatest common factor of 45 and i?
15
Let i be 14/(-63) + 94/18. Suppose 4*p = -i*f + 24, -p = -2 + 6. What is the greatest common factor of 8 and f?
8
Suppose 33 = -2*a + 5. Let v = -7 - a. Let c(n) = 2*n - 2. Let o be c(v). Calculate the greatest common divisor of o and 3.
3
Let s be (315/(-12))/(-1) - 7/28. Calculate the greatest common factor of s and 104.
26
Let t = 1 + 0. Let h = 4 + t. Calculate the highest common divisor of 10 and h.
5
Let w = -24 + 41. Let t be -1 + (-774)/(-15) + 14/35. What is the highest common factor of t and w?
17
Let g(x) = -x**2 + 5*x + 7. Let j be g(5). Suppose 0 = -4*b + 5*k + 45 + 11, -4*k = 0. What is the highest common divisor of b and j?
7
Suppose 0 = 4*w - p - 82, w - 2*w - 4*p + 29 = 0. What is the highest common factor of 21 and w?
21
Let o = 24 + -1. What is the highest common divisor of 69 and o?
23
Suppose -40 = -2*t + 44. Calculate the greatest common divisor of 28 and t.
14
Suppose -3 + 23 = 2*z. Let t = 10 + 10. Calculate the greatest common divisor of t and z.
10
Let i(o) = 2*o**2 + 9*o - 14. Let p be i(-8). What is the greatest common factor of p and 294?
42
Suppose 0 = -4*k - o - 2, 1 = -4*k - 5*o + 7. Let m(n) = -n - 3. Let r be m(-3). Let g be 54 + (k - (-2 + r)). Calculate the highest common divisor of g and 11.
11
Suppose 2*j + 3*o = 25, -2*o + 25 = 15. Let v = 33 + -15. Let n be 724/18 + (-4)/v. Calculate the highest common divisor of n and j.
5
Let f(i) = i**3 - i**2 - i - 7. Let x be (-10)/((-3)/(6/4)). Let o be f(x). What is the highest common divisor of o and 11?
11
Let k(g) = g**3 + g**2 + g - 18. Let o be k(0). Let b = -10 - o. Suppose 5*v = u + 361, -5*v - u + 254 = -105. Calculate the greatest common divisor of b and v.
8
Let d(p) = 2*p**2 - 6*p + 3. Let t be d(4). Suppose 7*g - 2*g - 275 = 0. What is the highest common factor of g and t?
11
Suppose 0 = -j - j + 26. Let h be (-429)/(-6)*(-1 + 3). What is the greatest common factor of j and h?
13
Suppose 0 = 3*p - 4 - 71. Calculate the greatest common factor of 10 and p.
5
Let a(f) = -f**2 + 2*f + 1. Let v be a(2). What is the highest common divisor of 3 and v?
1
Let j = -4 + 4. Suppose -5*d + w + 56 = j, -8*d - 4*w + 51 = -3*d. Let i = 30 + -19. What is the highest common divisor of d and i?
11
Suppose -a = 4*a - 60. Let b be 34 - 2 - (-2 + -1). Suppose -b = s - 119. Calculate the greatest common divisor of a and s.
12
Suppose 0 = -6*o + 4*o. Let f be (2/(-3))/(1/(-12)). Let x = f + o. Calculate the greatest common divisor of x and 4.
4
Let m be ((-63)/(-6))/((-2)/(-4)). Calculate the highest common divisor of m and 7.
7
Let b = 10 - -12. Suppose 0 = 2*i + 6, b = -4*a + 5*a + 2*i. Suppose -c + 3*c = 14. What is the highest common factor of a and c?
7
Suppose 0 = -0*h + h - 3. Suppose -2*c - h*c = 5*b - 95, 3*b - 76 = -4*c. Calculate the greatest common divisor of c and 19.
19
Let k = 13 + -6. What is the highest common divisor of 7 and k?
7
Let p be (-30)/(-3)*63/15. Let v = -14 + 20. Calculate the greatest common divisor of p and v.
6
Let t be 24/(2 - -2) - 1. Suppose k = t + 40. Calculate the greatest common factor of k and 9.
9
Suppose 0 = 16*h - 2*h - 42. Let a(p) = 25*p - 1. Let o(i) = i**2 - 5*i - 5. Let v be o(6). Let k be a(v). What is the highest common divisor of h and k?
3
Let w(v) = -v**3 - 3*v**2 + v - 3. Let c be w(-4). Let a be ((-1)/2*0)/1. Suppose a = m + m - 90. Calculate the greatest common divisor of c and m.
9
Suppose 5*i = 6*i + 5*b - 30, -i + 4*b + 66 = 0. What is the greatest common divisor of i and 2?
2
Suppose 2*y + 5 = -x + 26, 5*x = -5*y + 55. Calculate the greatest common divisor of y and 15.
5
Let o(j) = -j**3 - 9*j**2 + 6*j + 13. Let k be o(-10). Suppose 0 = f + 286 + k. Let d = f - -507. What is the greatest common divisor of 21 and d?
21
Suppose -2*l + 0*l = -6. Let q be l/9 + (-16)/(-6). Suppose 2*w - 85 = 5*m - 0*m, w - 44 = q*m. What is the greatest common divisor of 14 and w?
7
Suppose -2*u - 3808 = -16*u. Calculate the highest common divisor of 34 and u.
34
Let a = 10 - 9. Suppose -3*v = -u - 13, -3*u + 6*u - v = a. What is the highest common factor of 1 and u?
1
Let d(i) = i**2 - 16*i + 19. Let r be d(15). Let v be (42/12)/(1/r). What is the highest common factor of 56 and v?
14
Let p(v) = v**3 + 4*v**2 + 2*v - 2. Let h be p(-3). Let x(w) = 111*w - 1. Let k be x(h). What is the highest common factor of 10 and k?
10
Let b(o) = -o**3 - 2*o**2 - 5*o - 4. Let m be b(-3). Suppose -6*s + 7*s = 180. What is the highest common divisor of m and s?
20
Suppose -3*w + w = -3*h - 84, 124 = 4*w + 5*h. Calculate the highest common divisor of 4 and w.
4
Let f be ((-20)/(-3))/((-3)/(-9)). Suppose 0 = -2*h + 4*d + 8, 2*h + 2*h = -3*d + 38. What is the highest common divisor of f and h?
4
Let z be (-1680)/(-63) + 2/(-3). What is the greatest common divisor of 39 and z?
13
Let v(h) = h**2 + 3*h + 14. Suppose 0*r - 55 = -5*r. Let l be v(r). Calcul